{"id":9174,"date":"2018-09-01T00:00:52","date_gmt":"2018-09-01T00:00:52","guid":{"rendered":"https:\/\/www.chiapatino.com\/home\/?page_id=9174"},"modified":"2024-06-22T13:11:38","modified_gmt":"2024-06-22T13:11:38","slug":"2018archdt158","status":"publish","type":"page","link":"https:\/\/www.chiapatino.com\/home\/2018archdt158\/","title":{"rendered":"\u00bfD\u00f3nde est\u00e1 tu hogar?"},"content":{"rendered":"<div class=\"wpb-content-wrapper\"><p>[vc_row unlock_row_content=&#8221;yes&#8221; row_height_percent=&#8221;0&#8243; back_image=&#8221;6391&#8243; overlay_alpha=&#8221;50&#8243; gutter_size=&#8221;3&#8243; column_width_percent=&#8221;100&#8243; shift_y=&#8221;0&#8243; z_index=&#8221;0&#8243; uncode_shortcode_id=&#8221;183343&#8243;][vc_column width=&#8221;1\/1&#8243;][vc_empty_space empty_h=&#8221;4&#8243;][vc_empty_space empty_h=&#8221;5&#8243;][\/vc_column][\/vc_row][vc_row][vc_column column_width_percent=&#8221;100&#8243; gutter_size=&#8221;3&#8243; style=&#8221;dark&#8221; overlay_alpha=&#8221;50&#8243; shift_x=&#8221;0&#8243; shift_y=&#8221;0&#8243; shift_y_down=&#8221;0&#8243; z_index=&#8221;0&#8243; medium_width=&#8221;0&#8243; mobile_width=&#8221;0&#8243; width=&#8221;1\/1&#8243;][vc_empty_space empty_h=&#8221;2&#8243;][vc_column_text]<\/p>\n<p style=\"text-align: right;\"><em>Alan Kurdi:<\/em><br \/>\n<em>\u00bfRecuerdan el nombre? La historia? \u00bfSupieron el principio? \u00bfSabemos el final?<\/em><\/p>\n<p>[\/vc_column_text][vc_custom_heading]<\/p>\n<h2>\u00bfD\u00f3nde est\u00e1 tu hogar?<\/h2>\n<p>[\/vc_custom_heading][vc_column_text]Migrante. Es la sustantivaci\u00f3n del verbo migrar, del verbo latino migro, cuya acci\u00f3n &#8220;cambiar de lugar&#8221; es predicable de personas o cosas; es quien ha cambiado de domicilio. Migrante, inmigrante, emigrante: el que sale, el que ha llegado, el que busca a\u00fan. <em>&#8220;Migrar es encontrar un hogar, sin olvidar las ra\u00edces.&#8221;<\/em><\/p>\n<p>Cruzar la Cara de la Luna fue estrenada en Houston en el 2010. Su creador y nuestro director invitado se bas\u00f3 en la historia de su padre, y su llegada a Estados Unidos desde Italia, cuando el mundo no rechazaba a quienes -no siempre por voluntad propia- buscaban un nuevo pa\u00eds para asentar su historia. Aquel que se cree de sangre pura encaja s6to en una utopia racista. Somos un planeta, y una sola especie humana, afortunadamente de bellas variaciones.<\/p>\n<p>Hay quienes migran escapando las guerras, el hambre, porque son perseguidos o porque persiguen un sue\u00f1o. Desprendi\u00e9ndose dolorosamente de sus ra\u00edces, buscan un nuevo hogar. Quienes no tuvieron opci\u00f3n, echar\u00e1n sus pocos tereques donde encuentren un poquito de esperanza. Llevar\u00e1n seguro fotos para recordar y extra\u00f1ar\u00e1n siempre el pasado. Porque cuando el desplazamiento es forzado, ser\u00e1 casi imposible encontrar la paz necesaria para sembrar ra\u00edces.<\/p>\n<p>Cruzar la Cara de la Luna evidencia el rompimiento de las familias, cuando el desplazamiento es por el in\u00fatil sue\u00f1o americano: la esperanza de &#8220;tener mas dinero, una casa m\u00e1s grande, diez veces m\u00e1s ropa&#8221;. Quien sale siente que sabe d\u00f3nde pertenece, y so\u00f1ar\u00e1 toda su vida en volver a casa. Son muchos los inmigrantes que fallaron en sentar ra\u00edces, y desconocen lo que es hogar. Con los bolsillos llenos y el tiempo en contra, de repente entienden que el precio pagado fue muy alto y que no hay dinero que alcance a regresar el tiempo.<\/p>\n<p>E[ mundo ve con horror las enormes olas de migrantes en Europa, en Estados Unidos y hoy mismo nos llega a nosotros una nueva ola venezolana. Es imperante recordar que Ecuador ha pasado por crisis que forzaron a migrar a muchos y que las remesas salvaron a sus familias ac\u00e1: \u00bfc\u00f3mo cerrar las puertas?<\/p>\n<p>El planeta naci\u00f3 sin fronteras y las lineas son mayormente imaginarias. Debemos mantener<br \/>\nlos brazos abiertos, pues todos merecen una oportunidad al buscar un hogar.<\/p>\n<p>La palabra hogar se deriva del latin focus-fuego. En cada casa en la antig\u00fcedad hab\u00eda una hoguera donde quienes se reun\u00edan se calentaban, se alimentaban o se<br \/>\nsent\u00edan seguros. Ese espacio de paz: \u00bflo tienes? \u00bfSabes t\u00fa, d\u00f3nde est\u00e1 tu hogar?<\/p>\n<p>&nbsp;<\/p>\n<p style=\"text-align: right;\"><strong>Ch\u00eda Pati\u00f1o<\/strong>, <em>Directora Art\u00edstica &#8211; Ejecutiva<\/em><\/p>\n<p style=\"text-align: right;\">Septiembre, 2018<\/p>\n<p>[\/vc_column_text][vc_button button_color=&#8221;color-nhtu&#8221; border_width=&#8221;0&#8243; link=&#8221;url:https%3A%2F%2Fwww.teatrosucre.com%2Fsites%2Fdefault%2Ffiles%2F09septiembre2018_desdelteatro.pdf||target:%20_blank|&#8221;]DESDEL TEATRO #153[\/vc_button][vc_empty_space empty_h=&#8221;4&#8243;][\/vc_column][\/vc_row]<\/p>\n<\/div>","protected":false},"excerpt":{"rendered":"<p>Migrante. Es la sustantivaci\u00f3n del verbo migrar, del verbo latino migro, cuya acci\u00f3n \u201ccambiar de lugar\u201d es predicable de personas o cosas; es quien ha cambiado de domicilio. Migrante, inmigrante, emigrante: el que sale, el que ha llegado, el que busca a\u00fan. \u201cMigrar es encontrar un hogar, sin olvidar las ra\u00edces.\u201d<\/p>\n","protected":false},"author":1,"featured_media":6391,"parent":0,"menu_order":0,"comment_status":"closed","ping_status":"closed","template":"","meta":{"footnotes":""},"class_list":["post-9174","page","type-page","status-publish","has-post-thumbnail","hentry","page_category-editorial"],"yoast_head":"<!-- This site is optimized with the Yoast SEO plugin v27.4 - https:\/\/yoast.com\/product\/yoast-seo-wordpress\/ -->\n<title>\u00bfD\u00f3nde est\u00e1 tu hogar? - Chia Pati\u00f1o<\/title>\n<meta name=\"description\" content=\"Migrante. Es la sustantivaci\u00f3n del verbo migrar, del verbo latino migro, cuya acci\u00f3n \u201ccambiar de lugar\u201d es predicable de personas o cosas; es quien ha cambiado de domicilio. Migrante, inmigrante, emigrante: el que sale, el que ha llegado, el que busca a\u00fan. \u201cMigrar es encontrar un hogar, sin olvidar las ra\u00edces.\u201d\" \/>\n<meta name=\"robots\" content=\"index, follow, max-snippet:-1, max-image-preview:large, max-video-preview:-1\" \/>\n<link rel=\"canonical\" href=\"https:\/\/www.chiapatino.com\/home\/2018archdt158\/\" \/>\n<meta property=\"og:locale\" content=\"en_US\" \/>\n<meta property=\"og:type\" content=\"article\" \/>\n<meta property=\"og:title\" content=\"\u00bfD\u00f3nde est\u00e1 tu hogar? - Chia Pati\u00f1o\" \/>\n<meta property=\"og:description\" content=\"Migrante. Es la sustantivaci\u00f3n del verbo migrar, del verbo latino migro, cuya acci\u00f3n \u201ccambiar de lugar\u201d es predicable de personas o cosas; es quien ha cambiado de domicilio. Migrante, inmigrante, emigrante: el que sale, el que ha llegado, el que busca a\u00fan. \u201cMigrar es encontrar un hogar, sin olvidar las ra\u00edces.\u201d\" \/>\n<meta property=\"og:url\" content=\"https:\/\/www.chiapatino.com\/home\/2018archdt158\/\" \/>\n<meta property=\"og:site_name\" content=\"Chia Pati\u00f1o\" \/>\n<meta property=\"article:publisher\" content=\"https:\/\/www.facebook.com\/chia.patino\" \/>\n<meta property=\"article:modified_time\" content=\"2024-06-22T13:11:38+00:00\" \/>\n<meta property=\"og:image\" content=\"https:\/\/www.chiapatino.com\/wp-content\/uploads\/2022\/01\/edit_2016_dond.webp\" \/>\n\t<meta property=\"og:image:width\" content=\"1536\" \/>\n\t<meta property=\"og:image:height\" content=\"1097\" \/>\n\t<meta property=\"og:image:type\" content=\"image\/webp\" \/>\n<meta name=\"twitter:card\" content=\"summary_large_image\" \/>\n<meta name=\"twitter:site\" content=\"@en\" \/>\n<meta name=\"twitter:label1\" content=\"Est. reading time\" \/>\n\t<meta name=\"twitter:data1\" content=\"3 minutes\" \/>\n<script type=\"application\/ld+json\" class=\"yoast-schema-graph\">{\"@context\":\"https:\\\/\\\/schema.org\",\"@graph\":[{\"@type\":\"WebPage\",\"@id\":\"https:\\\/\\\/www.chiapatino.com\\\/home\\\/2018archdt158\\\/\",\"url\":\"https:\\\/\\\/www.chiapatino.com\\\/home\\\/2018archdt158\\\/\",\"name\":\"\u00bfD\u00f3nde est\u00e1 tu hogar? - Chia Pati\u00f1o\",\"isPartOf\":{\"@id\":\"https:\\\/\\\/www.chiapatino.com\\\/home\\\/#website\"},\"primaryImageOfPage\":{\"@id\":\"https:\\\/\\\/www.chiapatino.com\\\/home\\\/2018archdt158\\\/#primaryimage\"},\"image\":{\"@id\":\"https:\\\/\\\/www.chiapatino.com\\\/home\\\/2018archdt158\\\/#primaryimage\"},\"thumbnailUrl\":\"https:\\\/\\\/i0.wp.com\\\/www.chiapatino.com\\\/wp-content\\\/uploads\\\/2022\\\/01\\\/edit_2016_dond.webp?fit=1536%2C1097&ssl=1\",\"datePublished\":\"2018-09-01T00:00:52+00:00\",\"dateModified\":\"2024-06-22T13:11:38+00:00\",\"description\":\"Migrante. Es la sustantivaci\u00f3n del verbo migrar, del verbo latino migro, cuya acci\u00f3n \u201ccambiar de lugar\u201d es predicable de personas o cosas; es quien ha cambiado de domicilio. Migrante, inmigrante, emigrante: el que sale, el que ha llegado, el que busca a\u00fan. \u201cMigrar es encontrar un hogar, sin olvidar las ra\u00edces.\u201d\",\"breadcrumb\":{\"@id\":\"https:\\\/\\\/www.chiapatino.com\\\/home\\\/2018archdt158\\\/#breadcrumb\"},\"inLanguage\":\"en-US\",\"potentialAction\":[{\"@type\":\"ReadAction\",\"target\":[\"https:\\\/\\\/www.chiapatino.com\\\/home\\\/2018archdt158\\\/\"]}]},{\"@type\":\"ImageObject\",\"inLanguage\":\"en-US\",\"@id\":\"https:\\\/\\\/www.chiapatino.com\\\/home\\\/2018archdt158\\\/#primaryimage\",\"url\":\"https:\\\/\\\/i0.wp.com\\\/www.chiapatino.com\\\/wp-content\\\/uploads\\\/2022\\\/01\\\/edit_2016_dond.webp?fit=1536%2C1097&ssl=1\",\"contentUrl\":\"https:\\\/\\\/i0.wp.com\\\/www.chiapatino.com\\\/wp-content\\\/uploads\\\/2022\\\/01\\\/edit_2016_dond.webp?fit=1536%2C1097&ssl=1\",\"width\":1536,\"height\":1097},{\"@type\":\"BreadcrumbList\",\"@id\":\"https:\\\/\\\/www.chiapatino.com\\\/home\\\/2018archdt158\\\/#breadcrumb\",\"itemListElement\":[{\"@type\":\"ListItem\",\"position\":1,\"name\":\"Home\",\"item\":\"https:\\\/\\\/www.chiapatino.com\\\/home\\\/\"},{\"@type\":\"ListItem\",\"position\":2,\"name\":\"\u00bfD\u00f3nde est\u00e1 tu hogar?\"}]},{\"@type\":\"WebSite\",\"@id\":\"https:\\\/\\\/www.chiapatino.com\\\/home\\\/#website\",\"url\":\"https:\\\/\\\/www.chiapatino.com\\\/home\\\/\",\"name\":\"Chia Pati\u00f1o\",\"description\":\"Portafolio\",\"publisher\":{\"@id\":\"https:\\\/\\\/www.chiapatino.com\\\/home\\\/#\\\/schema\\\/person\\\/f64ab33314c9c8769b4082962d7f5301\"},\"potentialAction\":[{\"@type\":\"SearchAction\",\"target\":{\"@type\":\"EntryPoint\",\"urlTemplate\":\"https:\\\/\\\/www.chiapatino.com\\\/home\\\/?s={search_term_string}\"},\"query-input\":{\"@type\":\"PropertyValueSpecification\",\"valueRequired\":true,\"valueName\":\"search_term_string\"}}],\"inLanguage\":\"en-US\"},{\"@type\":[\"Person\",\"Organization\"],\"@id\":\"https:\\\/\\\/www.chiapatino.com\\\/home\\\/#\\\/schema\\\/person\\\/f64ab33314c9c8769b4082962d7f5301\",\"name\":\"Chia Pati\u00f1o\",\"image\":{\"@type\":\"ImageObject\",\"inLanguage\":\"en-US\",\"@id\":\"https:\\\/\\\/i0.wp.com\\\/www.chiapatino.com\\\/wp-content\\\/uploads\\\/2022\\\/11\\\/chiahs01.webp?fit=960%2C1201&ssl=1\",\"url\":\"https:\\\/\\\/i0.wp.com\\\/www.chiapatino.com\\\/wp-content\\\/uploads\\\/2022\\\/11\\\/chiahs01.webp?fit=960%2C1201&ssl=1\",\"contentUrl\":\"https:\\\/\\\/i0.wp.com\\\/www.chiapatino.com\\\/wp-content\\\/uploads\\\/2022\\\/11\\\/chiahs01.webp?fit=960%2C1201&ssl=1\",\"width\":960,\"height\":1201,\"caption\":\"Chia Pati\u00f1o\"},\"logo\":{\"@id\":\"https:\\\/\\\/i0.wp.com\\\/www.chiapatino.com\\\/wp-content\\\/uploads\\\/2022\\\/11\\\/chiahs01.webp?fit=960%2C1201&ssl=1\"},\"sameAs\":[\"https:\\\/\\\/www.facebook.com\\\/chia.patino\",\"https:\\\/\\\/www.instagram.com\\\/chia.patino\\\/\",\"https:\\\/\\\/x.com\\\/https:\\\/\\\/twitter.com\\\/chpatito?lang=en\"]}]}<\/script>\n<!-- \/ Yoast SEO plugin. -->","yoast_head_json":{"title":"\u00bfD\u00f3nde est\u00e1 tu hogar? - Chia Pati\u00f1o","description":"Migrante. Es la sustantivaci\u00f3n del verbo migrar, del verbo latino migro, cuya acci\u00f3n \u201ccambiar de lugar\u201d es predicable de personas o cosas; es quien ha cambiado de domicilio. Migrante, inmigrante, emigrante: el que sale, el que ha llegado, el que busca a\u00fan. \u201cMigrar es encontrar un hogar, sin olvidar las ra\u00edces.\u201d","robots":{"index":"index","follow":"follow","max-snippet":"max-snippet:-1","max-image-preview":"max-image-preview:large","max-video-preview":"max-video-preview:-1"},"canonical":"https:\/\/www.chiapatino.com\/home\/2018archdt158\/","og_locale":"en_US","og_type":"article","og_title":"\u00bfD\u00f3nde est\u00e1 tu hogar? - Chia Pati\u00f1o","og_description":"Migrante. Es la sustantivaci\u00f3n del verbo migrar, del verbo latino migro, cuya acci\u00f3n \u201ccambiar de lugar\u201d es predicable de personas o cosas; es quien ha cambiado de domicilio. Migrante, inmigrante, emigrante: el que sale, el que ha llegado, el que busca a\u00fan. \u201cMigrar es encontrar un hogar, sin olvidar las ra\u00edces.\u201d","og_url":"https:\/\/www.chiapatino.com\/home\/2018archdt158\/","og_site_name":"Chia Pati\u00f1o","article_publisher":"https:\/\/www.facebook.com\/chia.patino","article_modified_time":"2024-06-22T13:11:38+00:00","og_image":[{"width":1536,"height":1097,"url":"https:\/\/www.chiapatino.com\/wp-content\/uploads\/2022\/01\/edit_2016_dond.webp","type":"image\/webp"}],"twitter_card":"summary_large_image","twitter_site":"@en","twitter_misc":{"Est. reading time":"3 minutes"},"schema":{"@context":"https:\/\/schema.org","@graph":[{"@type":"WebPage","@id":"https:\/\/www.chiapatino.com\/home\/2018archdt158\/","url":"https:\/\/www.chiapatino.com\/home\/2018archdt158\/","name":"\u00bfD\u00f3nde est\u00e1 tu hogar? - Chia Pati\u00f1o","isPartOf":{"@id":"https:\/\/www.chiapatino.com\/home\/#website"},"primaryImageOfPage":{"@id":"https:\/\/www.chiapatino.com\/home\/2018archdt158\/#primaryimage"},"image":{"@id":"https:\/\/www.chiapatino.com\/home\/2018archdt158\/#primaryimage"},"thumbnailUrl":"https:\/\/i0.wp.com\/www.chiapatino.com\/wp-content\/uploads\/2022\/01\/edit_2016_dond.webp?fit=1536%2C1097&ssl=1","datePublished":"2018-09-01T00:00:52+00:00","dateModified":"2024-06-22T13:11:38+00:00","description":"Migrante. Es la sustantivaci\u00f3n del verbo migrar, del verbo latino migro, cuya acci\u00f3n \u201ccambiar de lugar\u201d es predicable de personas o cosas; es quien ha cambiado de domicilio. Migrante, inmigrante, emigrante: el que sale, el que ha llegado, el que busca a\u00fan. \u201cMigrar es encontrar un hogar, sin olvidar las ra\u00edces.\u201d","breadcrumb":{"@id":"https:\/\/www.chiapatino.com\/home\/2018archdt158\/#breadcrumb"},"inLanguage":"en-US","potentialAction":[{"@type":"ReadAction","target":["https:\/\/www.chiapatino.com\/home\/2018archdt158\/"]}]},{"@type":"ImageObject","inLanguage":"en-US","@id":"https:\/\/www.chiapatino.com\/home\/2018archdt158\/#primaryimage","url":"https:\/\/i0.wp.com\/www.chiapatino.com\/wp-content\/uploads\/2022\/01\/edit_2016_dond.webp?fit=1536%2C1097&ssl=1","contentUrl":"https:\/\/i0.wp.com\/www.chiapatino.com\/wp-content\/uploads\/2022\/01\/edit_2016_dond.webp?fit=1536%2C1097&ssl=1","width":1536,"height":1097},{"@type":"BreadcrumbList","@id":"https:\/\/www.chiapatino.com\/home\/2018archdt158\/#breadcrumb","itemListElement":[{"@type":"ListItem","position":1,"name":"Home","item":"https:\/\/www.chiapatino.com\/home\/"},{"@type":"ListItem","position":2,"name":"\u00bfD\u00f3nde est\u00e1 tu hogar?"}]},{"@type":"WebSite","@id":"https:\/\/www.chiapatino.com\/home\/#website","url":"https:\/\/www.chiapatino.com\/home\/","name":"Chia Pati\u00f1o","description":"Portafolio","publisher":{"@id":"https:\/\/www.chiapatino.com\/home\/#\/schema\/person\/f64ab33314c9c8769b4082962d7f5301"},"potentialAction":[{"@type":"SearchAction","target":{"@type":"EntryPoint","urlTemplate":"https:\/\/www.chiapatino.com\/home\/?s={search_term_string}"},"query-input":{"@type":"PropertyValueSpecification","valueRequired":true,"valueName":"search_term_string"}}],"inLanguage":"en-US"},{"@type":["Person","Organization"],"@id":"https:\/\/www.chiapatino.com\/home\/#\/schema\/person\/f64ab33314c9c8769b4082962d7f5301","name":"Chia Pati\u00f1o","image":{"@type":"ImageObject","inLanguage":"en-US","@id":"https:\/\/i0.wp.com\/www.chiapatino.com\/wp-content\/uploads\/2022\/11\/chiahs01.webp?fit=960%2C1201&ssl=1","url":"https:\/\/i0.wp.com\/www.chiapatino.com\/wp-content\/uploads\/2022\/11\/chiahs01.webp?fit=960%2C1201&ssl=1","contentUrl":"https:\/\/i0.wp.com\/www.chiapatino.com\/wp-content\/uploads\/2022\/11\/chiahs01.webp?fit=960%2C1201&ssl=1","width":960,"height":1201,"caption":"Chia Pati\u00f1o"},"logo":{"@id":"https:\/\/i0.wp.com\/www.chiapatino.com\/wp-content\/uploads\/2022\/11\/chiahs01.webp?fit=960%2C1201&ssl=1"},"sameAs":["https:\/\/www.facebook.com\/chia.patino","https:\/\/www.instagram.com\/chia.patino\/","https:\/\/x.com\/https:\/\/twitter.com\/chpatito?lang=en"]}]}},"jetpack_shortlink":"https:\/\/wp.me\/Pb5Ra3-2nY","jetpack_sharing_enabled":true,"_links":{"self":[{"href":"https:\/\/www.chiapatino.com\/home\/wp-json\/wp\/v2\/pages\/9174","targetHints":{"allow":["GET"]}}],"collection":[{"href":"https:\/\/www.chiapatino.com\/home\/wp-json\/wp\/v2\/pages"}],"about":[{"href":"https:\/\/www.chiapatino.com\/home\/wp-json\/wp\/v2\/types\/page"}],"author":[{"embeddable":true,"href":"https:\/\/www.chiapatino.com\/home\/wp-json\/wp\/v2\/users\/1"}],"replies":[{"embeddable":true,"href":"https:\/\/www.chiapatino.com\/home\/wp-json\/wp\/v2\/comments?post=9174"}],"version-history":[{"count":3,"href":"https:\/\/www.chiapatino.com\/home\/wp-json\/wp\/v2\/pages\/9174\/revisions"}],"predecessor-version":[{"id":9184,"href":"https:\/\/www.chiapatino.com\/home\/wp-json\/wp\/v2\/pages\/9174\/revisions\/9184"}],"wp:featuredmedia":[{"embeddable":true,"href":"https:\/\/www.chiapatino.com\/home\/wp-json\/wp\/v2\/media\/6391"}],"wp:attachment":[{"href":"https:\/\/www.chiapatino.com\/home\/wp-json\/wp\/v2\/media?parent=9174"}],"curies":[{"name":"wp","href":"https:\/\/api.w.org\/{rel}","templated":true}]}}